by 289.
91
Calculate the remainder when 31383 is divided by 72.
63
Calculate the remainder when 76058 is divided by 504.
458
What is the remainder when 380326 is divided by 897?
895
What is the remainder when 7700 is divided by 3662?
376
Calculate the remainder when 600996 is divided by 200327.
15
What is the remainder when 173837 is divided by 106?
103
Calculate the remainder when 12512 is divided by 84.
80
What is the remainder when 1242 is divided by 447?
348
What is the remainder when 25553 is divided by 136?
121
Calculate the remainder when 11208 is divided by 11083.
125
What is the remainder when 444560 is divided by 421?
405
What is the remainder when 2301 is divided by 243?
114
Calculate the remainder when 5859 is divided by 1464.
3
Calculate the remainder when 894 is divided by 56.
54
Calculate the remainder when 140397 is divided by 240.
237
What is the remainder when 685 is divided by 315?
55
What is the remainder when 228249 is divided by 228249?
0
Calculate the remainder when 59638 is divided by 11924.
18
What is the remainder when 79458 is divided by 4?
2
What is the remainder when 9503 is divided by 633?
8
What is the remainder when 107569 is divided by 28?
21
Calculate the remainder when 3241 is divided by 1334.
573
Calculate the remainder when 150097 is divided by 18.
13
Calculate the remainder when 45657 is divided by 125.
32
Calculate the remainder when 165444 is divided by 766.
754
Calculate the remainder when 24911 is divided by 8.
7
What is the remainder when 340 is divided by 117?
106
Calculate the remainder when 13407 is divided by 956.
23
What is the remainder when 6436 is divided by 165?
1
Calculate the remainder when 211548 is divided by 76.
40
Calculate the remainder when 14201 is divided by 200.
1
What is the remainder when 36954 is divided by 36927?
27
What is the remainder when 31558 is divided by 49?
2
What is the remainder when 71922 is divided by 1182?
1002
Calculate the remainder when 4882 is divided by 444.
442
Calculate the remainder when 64098 is divided by 311.
32
Calculate the remainder when 1043 is divided by 177.
158
Calculate the remainder when 18198 is divided by 325.
323
What is the remainder when 28608 is divided by 798?
678
What is the remainder when 908 is divided by 274?
86
What is the remainder when 125967 is divided by 494?
491
What is the remainder when 933398 is divided by 100?
98
What is the remainder when 4913132 is divided by 6?
2
What is the remainder when 6181 is divided by 167?
2
What is the remainder when 341 is divided by 148?
45
Calculate the remainder when 456425 is divided by 89.
33
Calculate the remainder when 403097 is divided by 725.
722
What is the remainder when 54541 is divided by 2727?
1
What is the remainder when 235197 is divided by 588?
585
What is the remainder when 11464 is divided by 3820?
4
Calculate the remainder when 202829 is divided by 101402.
25
What is the remainder when 50990 is divided by 177?
14
What is the remainder when 12343 is divided by 137?
13
What is the remainder when 59518 is divided by 248?
246
What is the remainder when 1183 is divided by 99?
94
What is the remainder when 16167 is divided by 160?
7
What is the remainder when 14452 is divided by 1806?
4
Calculate the remainder when 3172 is divided by 1056.
4
What is the remainder when 658 is divided by 396?
262
Calculate the remainder when 61061 is divided by 136.
133
Calculate the remainder when 25904 is divided by 43.
18
Calculate the remainder when 5026 is divided by 1443.
697
What is the remainder when 2854 is divided by 950?
4
Calculate the remainder when 293924 is divided by 41.
36
What is the remainder when 4376 is divided by 2168?
40
Calculate the remainder when 5718 is divided by 77.
20
Calculate the remainder when 52828 is divided by 17565.
133
What is the remainder when 51007 is divided by 7286?
5
What is the remainder when 3811 is divided by 151?
36
Calculate the remainder when 1257405 is divided by 177.
174
What is the remainder when 162 is divided by 144?
18
What is the remainder when 85365 is divided by 42681?
3
Calculate the remainder when 21776 is divided by 839.
801
Calculate the remainder when 4019561 is divided by 1433.
1429
What is the remainder when 6001 is divided by 496?
49
Calculate the remainder when 6878 is divided by 313.
305
Calculate the remainder when 141249 is divided by 149.
146
What is the remainder when 11069 is divided by 2767?
1
Calculate the remainder when 344892 is divided by 311.
304
Calculate the remainder when 3266 is divided by 125.
16
Calculate the remainder when 63326 is divided by 177.
137
Calculate the remainder when 62116 is divided by 78.
28
Calculate the remainder when 4581 is divided by 3833.
748
What is the remainder when 1649 is divided by 265?
59
Calculate the remainder when 4678 is divided by 1480.
238
What is the remainder when 9772 is divided by 163?
155
What is the remainder when 120648 is divided by 320?
8
Calculate the remainder when 955266 is divided by 531.
528
Calculate the remainder when 9235 is divided by 149.
146
Calculate the remainder when 330105 is divided by 38.
37
What is the remainder when 5762 is divided by 139?
63
Calculate the remainder when 327340 is divided by 16.
12
What is the remainder when 8283 is divided by 224?
219
What is the remainder when 120956 is divided by 1120?
1116
What is the remainder when 85339 is divided by 75?
64
Calculate the remainder when 8894 is divided by 69.
62
Calculate the remainder when 83106 is divided by 15.
6
Calculate the remainder when 391642 is divided by 258.
256
Calculate the remainder when 70084 is divided by 35039.
6
Calculate the remainder when 25614 is divided by 134.
20
Calculate the remainder when 115367 is divided by 759.
758
Calculate the remainder when 463615 is divided by 77.
75
What is the remainder when 4640 is divided by 420?
20
What is the remainder when 72857 is divided by 1072?
1033
What is the remainder when 15400 is divided by 16?
8
What is the remainder when 9297 is divided by 3011?
264
What is the remainder when 151294 is divided by 106?
32
What is the remainder when 1639 is divided by 734?
171
What is the remainder when 905 is divided by 905?
0
Calculate the remainder when 20499 is divided by 105.
24
What is the remainder when 97876 is divided by 532?
520
Calculate the remainder when 6744 is divided by 843.
0
What is the remainder when 2034 is divided by 226?
0
What is the remainder when 10791 is divided by 133?
18
Calculate the remainder when 497 is divided by 412.
85
What is the remainder when 1531688 is divided by 21?
11
What is the remainder when 3550 is divided by 115?
100
What is the remainder when 20357 is divided by 18?
17
What is the remainder when 10593 is divided by 5198?
197
Calculate the remainder when 44839 is divided by 14936.
31
What is the remainder when 1297 is divided by 11?
10
Calculate the remainder when 18010 is divided by 12.
10
Calculate the remainder when 26687 is divided by 25912.
775
Calculate the remainder when 45620 is divided by 969.
77
Calculate the remainder when 47500 is divided by 203.
201
What is the remainder when 1966 is divided by 573?
247
What is the remainder when 28845 is divided by 627?
3
What is the remainder when 5356 is divided by 5355?
1
Calculate the remainder when 3053 is divided by 1012.
17
Calculate the remainder when 253690 is divided by 89.
40
Calculate the remainder when 83578 is divided by 6961.
46
Calculate the remainder when 7853 is divided by 66.
65
What is the remainder when 1482737 is divided by 476?
473
Calculate the remainder when 4239 is divided by 264.
15
Calculate the remainder when 17469 is divided by 277.
18
What is the remainder when 81742 is divided by 26?
24
What is the remainder when 17249 is divided by 6?
5
What is the remainder when 28585 is divided by 19?
9
What is the remainder when 44773 is divided by 58?
55
Calculate the remainder when 1117891 is divided by 24.
19
Calculate the remainder when 20390 is divided by 6288.
1526
What is the remainder when 48747 is divided by 18?
3
What is the remainder when 17139 is divided by 3?
0
Calculate the remainder when 2219 is divided by 129.
26
What is the remainder when 15480 is divided by 390?
270
Calculate the remainder when 161993 is divided by 22